{"id":13688,"date":"2025-06-26T13:20:11","date_gmt":"2025-06-26T13:20:11","guid":{"rendered":"https:\/\/strato.arnemal.com\/?page_id=13688"},"modified":"2025-06-26T13:20:11","modified_gmt":"2025-06-26T13:20:11","slug":"resedagbok-2025-2026","status":"publish","type":"page","link":"https:\/\/malung.arnemal.com\/?page_id=13688","title":{"rendered":"Resedagbok 2025-2026"},"content":{"rendered":"\n<div class=\"wp-block-media-text is-stacked-on-mobile\"><figure class=\"wp-block-media-text__media\"><\/figure><div class=\"wp-block-media-text__content\">\n<p><strong>Onsdagen den 18 juni 2025<\/strong><\/p>\n\n\n\n<p>\u00c5kte vi tillsammans med Linnea till Fabriken i Sparreholm. Dom handlade men inte jag. D\u00e4refter \u00e5kte vi mot Malung men vi k\u00f6rde via Eskilstuna, Arboga upp\u00e5t. Stannade i Saxdalen och st\u00e4llplatsen d\u00e4r vi sov \u00f6ver natten. 220 kr. Skapligt v\u00e4der.<\/p>\n<\/div><\/div>\n\n\n\n<div class=\"wp-block-media-text is-stacked-on-mobile\" style=\"grid-template-columns:65% auto\"><figure class=\"wp-block-media-text__media\"><img decoding=\"async\" src=\"https:\/\/strato.arnemal.com\/wp-content\/uploads\/2025\/06\/20250618_190357-1024x485.jpg\" alt=\"\" class=\"wp-image-13691 size-full\"\/><\/figure><div class=\"wp-block-media-text__content\">\n<p><strong>Torsdagen den 19 juni 2025<\/strong><\/p>\n\n\n\n<p>\u00c5kte fr\u00e5n Saxdalen till Malung d\u00e4r Br\u00e4ndas loppis, Dalarid\u00e5 och Ares skor bes\u00f6ktes innan vi \u00e5kte ut till f\u00e4boden.<\/p>\n<\/div><\/div>\n\n\n\n<div class=\"wp-block-media-text is-stacked-on-mobile\" style=\"grid-template-columns:66% auto\"><figure class=\"wp-block-media-text__media\"><img decoding=\"async\" src=\"https:\/\/strato.arnemal.com\/wp-content\/uploads\/2025\/06\/20250620_094851-1024x485.jpg\" alt=\"\" class=\"wp-image-13693 size-full\"\/><\/figure><div class=\"wp-block-media-text__content\">\n<p><strong>Torsdagen den 20 juni 2025<\/strong><\/p>\n\n\n\n<p>Var vid f\u00e4boden fram till S\u00f6ndag.<\/p>\n<\/div><\/div>\n\n\n\n<div class=\"wp-block-media-text is-stacked-on-mobile\"><figure class=\"wp-block-media-text__media\"><\/figure><div class=\"wp-block-media-text__content\">\n<p><strong>S\u00f6ndagen den 22 juni 2025<\/strong><\/p>\n\n\n\n<p>\u00c5kte hemm\u00e5t<\/p>\n<\/div><\/div>\n\n\n\n<div class=\"wp-block-media-text is-stacked-on-mobile\" style=\"grid-template-columns:77% auto\"><figure class=\"wp-block-media-text__media\"><img decoding=\"async\" src=\"https:\/\/strato.arnemal.com\/wp-content\/uploads\/2025\/08\/20250717_085319-1024x485.jpg\" alt=\"\" class=\"wp-image-13731 size-full\"\/><\/figure><div class=\"wp-block-media-text__content\">\n<p><strong>Onsdagen den 16 juli 2025<\/strong><\/p>\n\n\n\n<p>\u00c5kte hemifr\u00e5n och hamnade i V\u00e4sterf\u00e4rnebo och Gammelg\u00e5rdens st\u00e4llplats. Lugnt och billigt, 150 kr. Inga mer faciliteter mer \u00e4n el.<\/p>\n<\/div><\/div>\n\n\n\n<div class=\"wp-block-media-text is-stacked-on-mobile\" style=\"grid-template-columns:75% auto\"><figure class=\"wp-block-media-text__media\"><img decoding=\"async\" src=\"https:\/\/strato.arnemal.com\/wp-content\/uploads\/2025\/08\/20250717_144517-1024x485.jpg\" alt=\"\" class=\"wp-image-13732 size-full\"\/><\/figure><div class=\"wp-block-media-text__content\">\n<p><strong>Torsdagen den 17 juli 2025<\/strong><\/p>\n\n\n\n<p>\u00c5kte via Sala och Fagersta och hamnade i H\u00e4llefors f\u00f6r lunch p\u00e5 rest. N\u00e4r vi skulle d\u00e4rifr\u00e5n startade inte husbilen. Startmotorn klickade inte ens. Det var v\u00e4ldigt varmt och ingen skugga f\u00f6r hundarna s\u00e5 Sussi fick g\u00e5 iv\u00e4g med dom. Fick hj\u00e4lp av flera hj\u00e4lpsamma men vi hittade inget fel s\u00e5 jag fick ringa Assestansk\u00e5ren. Skulle bli lite v\u00e4ntetid p\u00e5 dom s\u00e5 jag s\u00f6kte vidare och efter tips fr\u00e5n Glader om att det kunde vara jordfl\u00e4tan mellan motor och chassi. Jag kollade det och mycket riktigt, det var ingen kontakt. Kunde starta bilen med hj\u00e4lp av tv\u00e5 t\u00e4ltspikar som jag satte mellan chassi och motor och d\u00e5 funkade det. \u00c5ke till ok och k\u00f6pte startkablar och satte en mellan motor och chasse och d\u00e5 kunde vi \u00e5ka vidare. \u00c5kte tillbaka lite och stannade f\u00f6r natten vid S\u00f6r\u00e4lgens camping utanf\u00f6r H\u00e4llerfors. Det var en bra camping och priset var 409 kr.<\/p>\n<\/div><\/div>\n\n\n\n<div class=\"wp-block-media-text is-stacked-on-mobile\"><figure class=\"wp-block-media-text__media\"><\/figure><div class=\"wp-block-media-text__content\">\n<p><strong>Fredagen den 19 juli 2025<\/strong><\/p>\n\n\n\n<p>Vi \u00e5kte vidare via Karlstad och Forsbergs fritidscenter f\u00f6r att k\u00f6pa en ny vattenpump f\u00f6r nu har den ocks\u00e5 gett upp. K\u00f6pte en billig f\u00f6r 139 kr. Efter det \u00e5kte vi vidare till Charlottenberg d\u00e4r vi handlade lite innan vi anl\u00e4nde till Gladers. De bj\u00f6d p\u00e5 smachburgare och det blev lite drickande. Fortfarande mycket varmt. Satte i nya vattenpumpen och den fungerade inte alls. Utan vatten.<\/p>\n<\/div><\/div>\n\n\n\n<div class=\"wp-block-media-text is-stacked-on-mobile\"><figure class=\"wp-block-media-text__media\"><\/figure><div class=\"wp-block-media-text__content\">\n<p><strong>L\u00f6rdagen den 20 juli 2025<\/strong><\/p>\n\n\n\n<p>\u00c5kte med Gladers cab tillbaka till Sk\u00e5re, utanf\u00f6r Karlstad och k\u00f6pte en ny vattenpump v\u00f6r 1000 kr. Det blev en resa p\u00e5 22 mil i v\u00e4rmen. Doris fick 400 kr f\u00f6r bensinen. Den pumpen fungerade j\u00e4ttebra och nu har vi b\u00e4sta fl\u00f6det.<\/p>\n<\/div><\/div>\n\n\n\n<div class=\"wp-block-media-text is-stacked-on-mobile\" style=\"grid-template-columns:79% auto\"><figure class=\"wp-block-media-text__media\"><img decoding=\"async\" src=\"https:\/\/strato.arnemal.com\/wp-content\/uploads\/2025\/08\/20250720_160737-1024x485.jpg\" alt=\"\" class=\"wp-image-13733 size-full\"\/><\/figure><div class=\"wp-block-media-text__content\">\n<p>S\u00f6ndagen den 21 juli 2025<\/p>\n\n\n\n<p>\u00c5kte till Nys\u00e4ter d\u00e4r vi stannade f\u00f6r natten. Jag tog \u00e5rets f\u00f6rsta dopp i S\u00e4ffle kanal. Det var 23 grader i vattnet.<\/p>\n<\/div><\/div>\n\n\n\n<div class=\"wp-block-media-text is-stacked-on-mobile\"><figure class=\"wp-block-media-text__media\"><\/figure><div class=\"wp-block-media-text__content\">\n<p><strong>M\u00e5ndagen den 22 juli 2025<\/strong><\/p>\n\n\n\n<p>Stannade en natt till i Nys\u00e4ter.<\/p>\n<\/div><\/div>\n\n\n\n<div class=\"wp-block-media-text is-stacked-on-mobile\" style=\"grid-template-columns:63% auto\"><figure class=\"wp-block-media-text__media\"><img decoding=\"async\" src=\"https:\/\/strato.arnemal.com\/wp-content\/uploads\/2025\/08\/20250723_084518-1024x485.jpg\" alt=\"\" class=\"wp-image-13734 size-full\"\/><\/figure><div class=\"wp-block-media-text__content\">\n<p><strong>Tisdagen den 23 juli 2025<\/strong><\/p>\n\n\n\n<p>\u00c5kte hem\u00e5t och stannade p\u00e5 en camping utanf\u00f6r Munkfors. Bara vi och en bil till p\u00e5 en stor gr\u00e4splan. Det fanns toa och dusch och el. 225 kr. Fortfarande j\u00e4ttevarmt men det kom lite regn ocks\u00e5.<\/p>\n<\/div><\/div>\n\n\n\n<div class=\"wp-block-media-text is-stacked-on-mobile\" style=\"grid-template-columns:65% auto\"><figure class=\"wp-block-media-text__media\"><img decoding=\"async\" src=\"https:\/\/strato.arnemal.com\/wp-content\/uploads\/2025\/08\/20250723_172814-1024x485.jpg\" alt=\"\" class=\"wp-image-13735 size-full\"\/><\/figure><div class=\"wp-block-media-text__content\">\n<p><strong>Onsdageen den 24 juli 2025<\/strong><\/p>\n\n\n\n<p>Forstatte hem\u00e5t och hade t\u00e4nkt oss stopp i Ludvika men d\u00e4r var det fullt. I Smedjebacken var nog inte st\u00e4llplatsen \u00f6ppen pga en b\u00e5tt\u00e4vling. S\u00e5 det blev S\u00f6derb\u00e4rke och en st\u00e4llplats vid en sm\u00e5b\u00e5tshamn. Sen \u00e5kte vi hem.<\/p>\n<\/div><\/div>\n\n\n\n<div class=\"wp-block-media-text is-stacked-on-mobile\" style=\"grid-template-columns:66% auto\"><figure class=\"wp-block-media-text__media\"><img decoding=\"async\" src=\"https:\/\/strato.arnemal.com\/wp-content\/uploads\/2025\/08\/DJI_0204-1024x576.jpg\" alt=\"\" class=\"wp-image-13736 size-full\"\/><\/figure><div class=\"wp-block-media-text__content\">\n<p><strong>Fredagen den 8 aug 2025<\/strong><\/p>\n\n\n\n<p>Vi \u00e5kte via konstiga v\u00e4gar till Gudinge hamn. Det skulle egentligen vara st\u00e4ngt d\u00e4r p\u00e5 l\u00f6rdag men vi fick st\u00e5 kvar. Det var H\u00e5lln\u00e4s p\u00e5 Tur, en typ av marknad med mat mm.<\/p>\n<\/div><\/div>\n\n\n\n<div class=\"wp-block-media-text is-stacked-on-mobile\" style=\"grid-template-columns:69% auto\"><figure class=\"wp-block-media-text__media\"><img decoding=\"async\" src=\"https:\/\/strato.arnemal.com\/wp-content\/uploads\/2025\/08\/20250809_120547-1024x485.jpg\" alt=\"\" class=\"wp-image-13737 size-full\"\/><\/figure><div class=\"wp-block-media-text__content\">\n<p><strong>L\u00f6rdagen den 9 aug 2025<\/strong><\/p>\n\n\n\n<p>Mycket folk och jag \u00e5t hamburgare och str\u00f6mmingsburgare och fikade fr\u00e5n jippot. Vi ligger kvar en natt till h\u00e4r.<\/p>\n<\/div><\/div>\n\n\n\n<div class=\"wp-block-media-text is-stacked-on-mobile\" style=\"grid-template-columns:70% auto\"><figure class=\"wp-block-media-text__media\"><img decoding=\"async\" src=\"https:\/\/strato.arnemal.com\/wp-content\/uploads\/2025\/08\/20250811_163656-1024x485.jpg\" alt=\"\" class=\"wp-image-13738 size-full\"\/><\/figure><div class=\"wp-block-media-text__content\">\n<p><strong>S\u00f6ndagen den 10 aug 2025<\/strong><\/p>\n\n\n\n<p>Vi ligger kvar \u00e4nnu en natt h\u00e4r.<\/p>\n<\/div><\/div>\n\n\n\n<div class=\"wp-block-media-text is-stacked-on-mobile\" style=\"grid-template-columns:71% auto\"><figure class=\"wp-block-media-text__media\"><img decoding=\"async\" src=\"https:\/\/strato.arnemal.com\/wp-content\/uploads\/2025\/08\/20250811_164331-1024x485.jpg\" alt=\"\" class=\"wp-image-13739 size-full\"\/><\/figure><div class=\"wp-block-media-text__content\">\n<p><strong>M\u00e5ndagen den 11 aug 2025<\/strong><\/p>\n\n\n\n<p>Vi \u00e5kte vidare till \u00c4ngsk\u00e4r och djuphamnen men d\u00e4r var det fullt. Inte s\u00e5 fint heller. \u00c5kte tillbaka lite till den inre hamnen. D\u00e4r fick vi plats men det var inte s\u00e5 trivsamt h\u00e4r och d\u00e5liga faciliteter. Dyrt ocks\u00e5, 375 kr.<\/p>\n<\/div><\/div>\n\n\n\n<div class=\"wp-block-media-text is-stacked-on-mobile\"><figure class=\"wp-block-media-text__media\"><\/figure><div class=\"wp-block-media-text__content\">\n<p>Tisdagen den 12 aug 2025<\/p>\n\n\n\n<p>\u00c5kte hem\u00e5t men stannade hos engstr\u00f6ms f\u00f6r att k\u00f6pa en vattenkoppling. Det har b\u00f6rjat l\u00e4cka fr\u00e5n spolningen p\u00e5 toaletten.\u00a0 N\u00e4r vi kom hem lossnade \u00e4ven cylindern till l\u00e5set i d\u00f6rren. Bytte senare en l\u00e5sring som ramlat bort.<\/p>\n<\/div><\/div>\n","protected":false},"excerpt":{"rendered":"<p>Onsdagen den 18 juni 2025 \u00c5kte vi tillsammans med Linnea till Fabriken i Sparreholm. Dom handlade men inte jag. D\u00e4refter \u00e5kte vi mot Malung men vi k\u00f6rde via Eskilstuna, Arboga upp\u00e5t. Stannade i Saxdalen och st\u00e4llplatsen d\u00e4r vi sov \u00f6ver natten. 220 kr. Skapligt v\u00e4der. Torsdagen den 19 juni 2025 \u00c5kte fr\u00e5n Saxdalen till Malung [&hellip;]<\/p>\n","protected":false},"author":2,"featured_media":0,"parent":0,"menu_order":0,"comment_status":"closed","ping_status":"closed","template":"template-fullwidth.php","meta":{"ngg_post_thumbnail":0,"footnotes":""},"class_list":["post-13688","page","type-page","status-publish","hentry","post-preview"],"_links":{"self":[{"href":"https:\/\/malung.arnemal.com\/index.php?rest_route=\/wp\/v2\/pages\/13688","targetHints":{"allow":["GET"]}}],"collection":[{"href":"https:\/\/malung.arnemal.com\/index.php?rest_route=\/wp\/v2\/pages"}],"about":[{"href":"https:\/\/malung.arnemal.com\/index.php?rest_route=\/wp\/v2\/types\/page"}],"author":[{"embeddable":true,"href":"https:\/\/malung.arnemal.com\/index.php?rest_route=\/wp\/v2\/users\/2"}],"replies":[{"embeddable":true,"href":"https:\/\/malung.arnemal.com\/index.php?rest_route=%2Fwp%2Fv2%2Fcomments&post=13688"}],"version-history":[{"count":0,"href":"https:\/\/malung.arnemal.com\/index.php?rest_route=\/wp\/v2\/pages\/13688\/revisions"}],"wp:attachment":[{"href":"https:\/\/malung.arnemal.com\/index.php?rest_route=%2Fwp%2Fv2%2Fmedia&parent=13688"}],"curies":[{"name":"wp","href":"https:\/\/api.w.org\/{rel}","templated":true}]}}