{"id":5755,"date":"2021-03-29T20:13:11","date_gmt":"2021-03-29T20:13:11","guid":{"rendered":"http:\/\/192.168.50.26:8025\/strato\/Malung\/?page_id=5755"},"modified":"2022-01-19T17:49:21","modified_gmt":"2022-01-19T17:49:21","slug":"kandisar-i-slakten","status":"publish","type":"page","link":"https:\/\/malung.arnemal.com\/?page_id=5755","title":{"rendered":"K\u00e4ndisar i sl\u00e4kten"},"content":{"rendered":"\n<p>Och n\u00e5gra andra som n\u00e4stan \u00e4r sl\u00e4kt.<\/p>\n\n\n\n<div class=\"wp-block-media-text alignwide is-stacked-on-mobile\"><figure class=\"wp-block-media-text__media\"><img fetchpriority=\"high\" decoding=\"async\" width=\"275\" height=\"183\" src=\"https:\/\/malung.arnemal.com\/wp-content\/uploads\/2021\/03\/Buzz-Aldrin.jpg\" alt=\"\" class=\"wp-image-942 size-full\"\/><\/figure><div class=\"wp-block-media-text__content\">\n<p class=\"has-drop-cap has-medium-font-size\"><strong>Edwin Eugene &#8221;Buzz&#8221; Aldrin<\/strong><br>F\u00f6dd 1930-01-20 i Essex County i Usa.<br>Hans farfar Car Johan Aldrin kommer fr\u00e5n Norra R\u00e5da i V\u00e4rmland och farmor kommer fr\u00e5n Eksh\u00e4rad i V\u00e4rmland.<\/p>\n\n\n\n<p>&#8221;Buzz&#8221; \u00e4r min mormors sjum\u00e4nning.<\/p>\n<\/div><\/div>\n\n\n\n<div class=\"wp-block-media-text alignwide is-stacked-on-mobile\"><figure class=\"wp-block-media-text__media\"><img decoding=\"async\" width=\"1024\" height=\"512\" src=\"https:\/\/malung.arnemal.com\/wp-content\/uploads\/2021\/03\/Lars-moberg-1024x512.jpeg\" alt=\"\" class=\"wp-image-1497 size-full\" srcset=\"https:\/\/malung.arnemal.com\/wp-content\/uploads\/2021\/03\/Lars-moberg-1024x512.jpeg 1024w, https:\/\/malung.arnemal.com\/wp-content\/uploads\/2021\/03\/Lars-moberg-300x150.jpeg 300w, https:\/\/malung.arnemal.com\/wp-content\/uploads\/2021\/03\/Lars-moberg-768x384.jpeg 768w, https:\/\/malung.arnemal.com\/wp-content\/uploads\/2021\/03\/Lars-moberg.jpeg 1200w\" sizes=\"(max-width: 1024px) 100vw, 1024px\" \/><\/figure><div class=\"wp-block-media-text__content\">\n<p class=\"has-drop-cap has-medium-font-size\"><strong>Lars Roland Moberg<\/strong><br>F\u00f6dd 1953-07-27 i R\u00f6rb\u00e4cksn\u00e4s \u00e4r gift med Kerstin Mona Elisabet Torris 1948-03-04 fr\u00e5n Malung.<br>Lars \u00e4r min pappas femm\u00e4nning.<\/p>\n<\/div><\/div>\n\n\n\n<div class=\"wp-block-media-text alignwide is-stacked-on-mobile\"><figure class=\"wp-block-media-text__media\"><img decoding=\"async\" width=\"617\" height=\"454\" src=\"https:\/\/malung.arnemal.com\/wp-content\/uploads\/2021\/03\/Ainor-Trosell.jpg\" alt=\"\" class=\"wp-image-5761 size-full\" srcset=\"https:\/\/malung.arnemal.com\/wp-content\/uploads\/2021\/03\/Ainor-Trosell.jpg 617w, https:\/\/malung.arnemal.com\/wp-content\/uploads\/2021\/03\/Ainor-Trosell-300x221.jpg 300w\" sizes=\"(max-width: 617px) 100vw, 617px\" \/><\/figure><div class=\"wp-block-media-text__content\">\n<p class=\"has-drop-cap has-medium-font-size\"><strong>Aino Kristina Trosell<\/strong><br>F\u00f6dd 1949-05-22 i Hole, Malung.<br>Mycket k\u00e4nd f\u00f6rfattare och det var hon som skrev historien om <a href=\"https:\/\/malung.arnemal.com\/Malung\/historier\/\">Skinnarmarit<\/a> som finns under historier p\u00e5 detta sajt.<br>Aina \u00e4r min trem\u00e4nning.<\/p>\n<\/div><\/div>\n\n\n\n<div class=\"wp-block-media-text alignwide is-stacked-on-mobile\"><figure class=\"wp-block-media-text__media\"><a href=\"https:\/\/malung.arnemal.com\/wp-content\/uploads\/2021\/03\/Sangsta-Robert-Eliasson.jpg\"><img loading=\"lazy\" decoding=\"async\" width=\"101\" height=\"121\" src=\"https:\/\/malung.arnemal.com\/wp-content\/uploads\/2021\/03\/Sangsta-Robert-Eliasson.jpg\" alt=\"\" class=\"wp-image-415 size-full\"\/><\/a><\/figure><div class=\"wp-block-media-text__content\">\n<p class=\"has-drop-cap has-medium-font-size\"><strong>Sangsta Robert Eliasson<\/strong> 1907-02-19&#8211;1990-12-07<br>Anders Eliassons Anders Eliasson b\u00f6rjade sin bana som l\u00e4rling hos JG Nordb\u00e4ck i Arvika. Efter att ha startat ett garveri i Kaukasien och d\u00e4r tr\u00e4ffat sin blivande fru flyttade han tillbaka till hembygden d\u00e4r han startade garveriverksamheten 1888. Eliassons L\u00e4derindustri AB har varit Malungs mest betydelsefulla och st\u00f6rsta garveri och var \u00e4ven under en tid Nordens st\u00f6rsta garveri. L\u00f6nsamheten har f\u00f6ljt nedg\u00e5ngen av skinnindustrin. Efter ett antal rekonstruktioner och \u00e4garbyten lades verksamheten till sist ner. Tr\u00e5kigt nog brann detta industriminne ner till grunden under juli 2014<br>Han \u00e4r min fars sjum\u00e4nning<\/p>\n<\/div><\/div>\n\n\n\n<div class=\"wp-block-media-text alignwide is-stacked-on-mobile\"><figure class=\"wp-block-media-text__media\"><img loading=\"lazy\" decoding=\"async\" width=\"250\" height=\"233\" src=\"https:\/\/malung.arnemal.com\/wp-content\/uploads\/2021\/03\/Wille-Toors.jpg\" alt=\"\" class=\"wp-image-1975 size-full\"\/><\/figure><div class=\"wp-block-media-text__content\">\n<p class=\"has-drop-cap has-medium-font-size\">Erik Wille Thors 1921-11-30&#8211;2008-11-08<br>K\u00e4nd spelman<br>Han \u00e4r min sjum\u00e4nning<\/p>\n<\/div><\/div>\n","protected":false},"excerpt":{"rendered":"<p>Och n\u00e5gra andra som n\u00e4stan \u00e4r sl\u00e4kt. Edwin Eugene &#8221;Buzz&#8221; AldrinF\u00f6dd 1930-01-20 i Essex County i Usa.Hans farfar Car Johan Aldrin kommer fr\u00e5n Norra R\u00e5da i V\u00e4rmland och farmor kommer fr\u00e5n Eksh\u00e4rad i V\u00e4rmland. &#8221;Buzz&#8221; \u00e4r min mormors sjum\u00e4nning. Lars Roland MobergF\u00f6dd 1953-07-27 i R\u00f6rb\u00e4cksn\u00e4s \u00e4r gift med Kerstin Mona Elisabet Torris 1948-03-04 fr\u00e5n Malung.Lars [&hellip;]<\/p>\n","protected":false},"author":2,"featured_media":0,"parent":0,"menu_order":0,"comment_status":"closed","ping_status":"closed","template":"","meta":{"ngg_post_thumbnail":0,"footnotes":""},"class_list":["post-5755","page","type-page","status-publish","hentry","post-preview"],"_links":{"self":[{"href":"https:\/\/malung.arnemal.com\/index.php?rest_route=\/wp\/v2\/pages\/5755","targetHints":{"allow":["GET"]}}],"collection":[{"href":"https:\/\/malung.arnemal.com\/index.php?rest_route=\/wp\/v2\/pages"}],"about":[{"href":"https:\/\/malung.arnemal.com\/index.php?rest_route=\/wp\/v2\/types\/page"}],"author":[{"embeddable":true,"href":"https:\/\/malung.arnemal.com\/index.php?rest_route=\/wp\/v2\/users\/2"}],"replies":[{"embeddable":true,"href":"https:\/\/malung.arnemal.com\/index.php?rest_route=%2Fwp%2Fv2%2Fcomments&post=5755"}],"version-history":[{"count":0,"href":"https:\/\/malung.arnemal.com\/index.php?rest_route=\/wp\/v2\/pages\/5755\/revisions"}],"wp:attachment":[{"href":"https:\/\/malung.arnemal.com\/index.php?rest_route=%2Fwp%2Fv2%2Fmedia&parent=5755"}],"curies":[{"name":"wp","href":"https:\/\/api.w.org\/{rel}","templated":true}]}}